t is the hundreds digit of h?
9
Suppose 10*z - 4850 = -0*z. Suppose -5*j + z + 60 = 0. What is the units digit of j?
9
Let r be (3 + -3)/(2 + -3). What is the tens digit of (-3870)/(-20)*(r - -2)?
8
What is the hundreds digit of (14/(-6))/((-13)/156*4) + 46104?
1
Let c(d) = -d**2 - 2*d - 1. Let a be c(-3). Let p be -40*(-1 - a/8). What is the tens digit of 72/(-5)*p/(-6)?
4
Let l be -1 + 1 - (-2 - -32). Let q(z) = 38*z - 235. Let i be q(3). Let c = l - i. What is the units digit of c?
1
Let v = 597 + -629. What is the units digit of 2*143*(v/(-4))/8?
6
Let n be (-16)/10*(-20)/(-8)*-1. Suppose -5*v + 7 = -n*q - 0*q, 2*v - 12 = -3*q. What is the tens digit of (509/(-2))/(-1) - q/4?
5
Suppose 583*l + 462954 = 602*l. What is the units digit of l?
6
Let v(s) = s**2 - 10*s + 9. Let t be v(6). Let j be 0 - (t/5)/1. What is the units digit of (-3783)/(-27) - j/27?
0
Let k(d) = -d**2 - 14*d - 22. Let l be k(-12). Let r be ((-110)/8)/(l/(-40) + 0). Let x = -151 + r. What is the hundreds digit of x?
1
Let a be 42/4*(-24)/(-36). What is the hundreds digit of ((-20)/3)/(a*(-6)/4473)?
7
Let b(f) = 3*f**2 - f**2 + 181 + 533. What is the units digit of b(0)?
4
Let y(q) = 10*q**2 - q + 25278. What is the units digit of y(0)?
8
What is the hundreds digit of (-2)/((194/(-17460))/(1/(-3)*-28))?
6
Let h(g) = 248*g**2 + 145*g + 10. What is the thousands digit of h(-7)?
1
Let o(q) = q + 13. Let g be o(-10). Suppose 213 - 543 = -g*p. Let y = p - -14. What is the units digit of y?
4
Suppose -2*w = 4*a - 12, -4*a + 0*a + 3*w + 22 = 0. Suppose 74 = l + 24. Suppose l = a*o - 6. What is the tens digit of o?
1
Suppose -400 = 4*o + 4*w, o + 2*o + w + 304 = 0. Let t = 118 + o. What is the units digit of t?
6
Let p(a) = -a**3 - 14*a**2 - 32*a + 16. Let i be p(-11). Suppose 1650 = i*q + 2*k, 0*q = 4*q - k - 1320. What is the tens digit of q?
3
Suppose -2*l - 4047 = -i, 3*i + 3*l = 16110 - 3960. What is the units digit of i?
9
Suppose -222*u = -219*u + 108. What is the units digit of ((-5736)/u)/(4/12)?
8
Suppose 4*y - 61930 = 6*s, -4*y + 3*s + 41902 + 20007 = 0. What is the tens digit of y?
7
Let o = 56 + -53. Let x be (o + -1 - -2) + (-12)/6. Suppose 15 = 5*y, x*j - 4*y - 136 = -2*j. What is the units digit of j?
7
What is the thousands digit of ((-300)/(-35))/(18/(-63))*(-737)/2?
1
Let c(h) = -3*h + 18. Let y(s) be the third derivative of -s**4/12 + 41*s**3/6 - 11*s**2. Let j be y(18). What is the units digit of c(j)?
3
Suppose 28*o = 32*o + 2*y - 225188, o - 5*y = 56330. What is the tens digit of o?
0
What is the hundreds digit of -2 + 13 + 3188 + -83?
1
Let r(u) = -u**2 - 12*u + 9. Let v be r(-11). Suppose v*a = 23*a - 528. What is the hundreds digit of a?
1
Let t(q) = -678*q + 2857. What is the ten thousands digit of t(-19)?
1
Let m(z) = 16*z**3 - 6*z**2 + 2*z + 2. Let a be m(2). Suppose -a = 8*d - 1318. What is the hundreds digit of d?
1
Let a(m) = -m**3 + 17*m**2 + 17*m + 22. Let t = 35 + -26. Suppose -2*j = 4*i - 52, 0 = 2*i - t + 1. What is the units digit of a(j)?
4
Let m(u) = -67*u + 48. Let h = -13 - -19. Let a be m(h). Let o = 511 + a. What is the units digit of o?
7
Suppose 85 = -2*z + 3*m, -2*z = 5*m + 43 + 50. Let w = z + 44. Suppose 5*a + 5 = 4*n, w = -5*n + 4*a + 2 + 11. What is the units digit of n?
5
Let k = -1023 + 1579. What is the hundreds digit of k?
5
Let p(t) = -3*t - 8. Let n be p(15). Let x(a) = a**2 - 4. Let g be x(12). Let u = g + n. What is the tens digit of u?
8
Suppose -96852 = 165*d - 207*d. What is the units digit of d?
6
Let z = 133 - 129. Let g(q) = 17*q - 4. What is the tens digit of g(z)?
6
Let n be (1350/(-20))/(-15) + (-1)/2. Suppose 788 - 3118 = -n*t + r, 0 = 5*t - 3*r - 2909. What is the tens digit of t?
8
Let x(c) = -c**2 + 19*c + 21. Let m be x(20). Let j be (m - -199) + -3 - -3. Suppose j = 5*h - 300. What is the units digit of h?
0
Let x(r) = -315*r - 1. Let j be x(-1). Suppose -6*a = -914 + j. Let i = a - 31. What is the tens digit of i?
6
Let i be (35/7)/((-2)/(-8)). Suppose -i*c = -7*c - 27053. What is the thousands digit of c?
2
Let m(s) = 2*s**3 + 26*s**2 - 29*s - 3. Let h be m(-14). Suppose 0 = h*z + 6426 - 15875. What is the units digit of z?
9
What is the units digit of ((-8802)/(-99))/(50/12650)?
4
Let c be (-61136)/(-6) - -13*(-6)/234. Suppose 13*p - c = 8388. What is the hundreds digit of p?
4
Let i(q) = 34*q**2 - 5*q + 2. Let t be i(3). Suppose 3*m - 298 = 2*g - 0*g, g + t = 3*m. What is the units digit of m?
6
Suppose 0 - 10 = -5*r. Suppose 7*k + r*k = -18. What is the units digit of ((-40)/12 + k/3)/(-2)?
2
Suppose -11*h + 191 = 2*o - 14*h, -h + 503 = 5*o. Let w = o + 235. What is the units digit of w?
5
Let v = -14811 - -28764. What is the ten thousands digit of v?
1
Suppose 0 = -29*v + 62 + 286. Let n(m) = 30*m - 147. What is the units digit of n(v)?
3
Suppose -5*y - 2106 = 3024. What is the hundreds digit of 7 + 2 + (4 - y)?
0
Let y(k) = k**3 + 33*k**2 + 55*k - 14. What is the tens digit of y(-20)?
8
Let t = -5065 - -5450. What is the hundreds digit of t?
3
Let n = 28389 + -19275. What is the tens digit of n?
1
Let h(z) = 19*z**2 + 110*z - 4394. What is the units digit of h(47)?
7
Let c(i) = 3791*i - 6902. What is the hundreds digit of c(8)?
4
What is the units digit of ((-14660430)/(-8970))/((-1)/(-13))?
7
Suppose 22*b - 20*b = 32. Let a(j) = -j**3 + 17*j**2 - 13*j - 29. Let n be a(b). Suppose 17*h = n*h - 334. What is the units digit of h?
7
Let m be -9*15/((-360)/(-16)). What is the hundreds digit of (-1)/(20888/(-3480) - m)?
4
Let f(b) = b**3 + 9*b**2 + 2*b + 12. Let x be f(-6). Let o be (1/((-16)/x))/((-9)/(-24)). What is the units digit of ((-2)/4)/((-12)/(-8))*o?
6
Let y(f) = 52*f**2 - 61*f - 75. What is the hundreds digit of y(-6)?
1
Let v = -65 - -66. Let j(w) = 63*w**2 - w. What is the tens digit of j(v)?
6
Let g(u) be the third derivative of u**6/30 + u**5/12 + u**4/6 - u**3/6 + 25*u**2 - u. What is the units digit of g(6)?
7
Suppose -5*d + 26622 = v + v, -v + 4*d = -13311. What is the ten thousands digit of v?
1
Suppose 0 = r - q + 6 - 1, 0 = -3*q + 9. Let y(x) = -170*x - 2. What is the tens digit of y(r)?
3
Let p(j) = -9*j**2 + 2*j**2 + 922 + 6*j**2. What is the tens digit of p(0)?
2
Suppose 4*m - 4*q = -48, q + 14 = -m + 3*q. Let d = -39 - m. Let r = -28 - d. What is the units digit of r?
1
Let h(c) = -c**3 - 4*c**2 - 9*c + 9. Let u = 9 + -17. Let v be u + 1 + 0 + 2. What is the units digit of h(v)?
9
Suppose -8*w + 1486 = -6*w. Suppose w = s - 65. What is the hundreds digit of s?
8
Let q be 5*(-6 + (-204)/(-30)). Suppose -5*d + 1373 = 2*i, 380 = q*d - 3*i - 723. What is the tens digit of d?
7
Let f(v) = 38*v**2 + 13*v - 22. Let n be (-10)/(-6) - 5/(-1 + -14). Let a be f(n). Suppose a = 106*o - 102*o. What is the tens digit of o?
3
Let a(b) = -11*b**3 + b**2 + 8*b + 4. Suppose l - 9 = 2*n - 2*l, 4*n = -l - 11. What is the hundreds digit of a(n)?
2
Suppose 4327 = 3*h - h - 4095. What is the units digit of h?
1
Suppose -2*w + 2445 = -579. What is the tens digit of 2 + 4*5*w/60?
0
Let m(d) = -107*d - 41. Suppose -4*u + 2*r - 12 = 12, -18 = 3*u + r. What is the hundreds digit of m(u)?
6
Let h be ((-6)/8)/(-3) - 757/4. Let c be h/(-39) + 2/13. Suppose c*w + 4*f = 226, 0 = 4*w - f - 2*f - 156. What is the tens digit of w?
4
Suppose -2*c - 5*y = -44889, 165 = 4*y + 185. What is the units digit of c?
7
Suppose -15 = -7*d - 1. Suppose -4*c - q = -3*c - 16, d*q - 13 = -c. What is the tens digit of c?
1
Suppose 5422*l + 7028 = 5426*l. What is the units digit of l?
7
Let u = -48 - -51. Suppose 0 = 5*f + 13 - u. What is the tens digit of 4 + (-3 - -101) - f?
0
What is the hundreds digit of 1/6 - -55*9713/330?
6
Suppose 3*v - 3*s + 2*s - 35 = 0, 5*v + 5*s - 85 = 0. What is the units digit of 1 + (-11)/v + (-6288)/(-26)?
2
Let o(p) = -p**3 + 21*p**2 + 2*p + 50. Let y be (-3)/21 - (-92)/7. Suppose y = -4*g + 3*q + 112, -3*q = 4*g - 69. What is the units digit of o(g)?
2
Let n be (-9)/(-15) - ((-184)/10 + -1). Let t = n + 250. Suppose -5*y - t = -5*c + 175, 0 = 5*y + 20. What is the tens digit of c?
8
What is the hundreds digit of (88/(-33))/(-8)*(6 - -17775)?
9
Let c be (-316)/5*3*(-20)/(-6). Let h = 905 + c. What is the tens digit of h?
7
Suppose -4*i = b - 10241, -152*i = -151*i - 4*b - 2556. What is the hund